{"id":728,"date":"2026-03-11T19:39:30","date_gmt":"2026-03-11T19:39:30","guid":{"rendered":"https:\/\/evocoffeefood.com\/?post_type=product&#038;p=728"},"modified":"2026-03-11T19:39:30","modified_gmt":"2026-03-11T19:39:30","slug":"meyveli-sut-muzlu","status":"publish","type":"product","link":"https:\/\/evocoffeefood.com\/?product=meyveli-sut-muzlu","title":{"rendered":"Meyveli S\u00fct Muzlu"},"content":{"rendered":"<p>Meyveli S\u00fct (Muzlu), taze s\u00fct ve muz aromas\u0131 ile haz\u0131rlanan yumu\u015fak i\u00e7imli bir i\u00e7ecektir. Do\u011fal muz tad\u0131 ve hafif tatl\u0131 aromas\u0131 sayesinde \u00f6zellikle s\u00fctl\u00fc i\u00e7ecekleri sevenler i\u00e7in keyifli ve ferahlat\u0131c\u0131 bir alternatiftir.<\/p>\n","protected":false},"excerpt":{"rendered":"<p>Muz aromas\u0131 ile haz\u0131rlanan meyveli s\u00fct i\u00e7ece\u011fi.<\/p>\n","protected":false},"featured_media":729,"template":"","meta":[],"product_brand":[60],"product_cat":[46,33,44],"product_tag":[126,149,154,152,153],"class_list":{"0":"post-728","1":"product","2":"type-product","3":"status-publish","4":"has-post-thumbnail","6":"product_brand-evocoffeefood","7":"product_cat-diger-icecekler","8":"product_cat-sicak-icecekler","9":"product_cat-urunler","10":"product_tag-56lar","11":"product_tag-meyveli-sut","12":"product_tag-muzlu-icecek","13":"product_tag-muzlu-sut","14":"product_tag-sutlu-icecek","16":"first","17":"instock","18":"shipping-taxable","19":"product-type-simple"},"_links":{"self":[{"href":"https:\/\/evocoffeefood.com\/index.php?rest_route=\/wp\/v2\/product\/728","targetHints":{"allow":["GET"]}}],"collection":[{"href":"https:\/\/evocoffeefood.com\/index.php?rest_route=\/wp\/v2\/product"}],"about":[{"href":"https:\/\/evocoffeefood.com\/index.php?rest_route=\/wp\/v2\/types\/product"}],"wp:featuredmedia":[{"embeddable":true,"href":"https:\/\/evocoffeefood.com\/index.php?rest_route=\/wp\/v2\/media\/729"}],"wp:attachment":[{"href":"https:\/\/evocoffeefood.com\/index.php?rest_route=%2Fwp%2Fv2%2Fmedia&parent=728"}],"wp:term":[{"taxonomy":"product_brand","embeddable":true,"href":"https:\/\/evocoffeefood.com\/index.php?rest_route=%2Fwp%2Fv2%2Fproduct_brand&post=728"},{"taxonomy":"product_cat","embeddable":true,"href":"https:\/\/evocoffeefood.com\/index.php?rest_route=%2Fwp%2Fv2%2Fproduct_cat&post=728"},{"taxonomy":"product_tag","embeddable":true,"href":"https:\/\/evocoffeefood.com\/index.php?rest_route=%2Fwp%2Fv2%2Fproduct_tag&post=728"}],"curies":[{"name":"wp","href":"https:\/\/api.w.org\/{rel}","templated":true}]}}