{"id":744,"date":"2026-03-12T16:30:54","date_gmt":"2026-03-12T16:30:54","guid":{"rendered":"https:\/\/evocoffeefood.com\/?post_type=product&#038;p=744"},"modified":"2026-03-12T16:30:54","modified_gmt":"2026-03-12T16:30:54","slug":"ice-caramel-latte","status":"publish","type":"product","link":"https:\/\/evocoffeefood.com\/?product=ice-caramel-latte","title":{"rendered":"Ice Caramel Latte"},"content":{"rendered":"<p>Ice Caramel Latte, buz \u00fczerine eklenen so\u011fuk s\u00fct, Lavazza espresso ve karamel aromas\u0131 ile haz\u0131rlanan ferahlat\u0131c\u0131 bir kahve \u00e7e\u015fididir. Yumu\u015fak i\u00e7imi ve tatl\u0131 karamel aromas\u0131 sayesinde \u00f6zellikle yaz aylar\u0131nda keyifle t\u00fcketilen pop\u00fcler so\u011fuk kahvelerden biridir.<\/p>\n","protected":false},"excerpt":{"rendered":"<p data-start=\"671\" data-end=\"748\">Buz, s\u00fct, espresso ve karamel aromas\u0131 ile haz\u0131rlanan ferahlat\u0131c\u0131 so\u011fuk latte.<\/p>\n","protected":false},"featured_media":745,"template":"","meta":[],"product_brand":[60],"product_cat":[46,45,37,34,44],"product_tag":[167,178,179,164,166],"class_list":{"0":"post-744","1":"product","2":"type-product","3":"status-publish","4":"has-post-thumbnail","6":"product_brand-evocoffeefood","7":"product_cat-diger-icecekler","8":"product_cat-kahveler","9":"product_cat-soguk-icecekler","10":"product_cat-soguk-kahveler","11":"product_cat-urunler","12":"product_tag-buzlu-kahve","13":"product_tag-ice-caramel-latte","14":"product_tag-iced-caramel-latte","15":"product_tag-karamelli-soguk-kahve","16":"product_tag-soguk-latte","18":"first","19":"instock","20":"shipping-taxable","21":"product-type-simple"},"_links":{"self":[{"href":"https:\/\/evocoffeefood.com\/index.php?rest_route=\/wp\/v2\/product\/744","targetHints":{"allow":["GET"]}}],"collection":[{"href":"https:\/\/evocoffeefood.com\/index.php?rest_route=\/wp\/v2\/product"}],"about":[{"href":"https:\/\/evocoffeefood.com\/index.php?rest_route=\/wp\/v2\/types\/product"}],"wp:featuredmedia":[{"embeddable":true,"href":"https:\/\/evocoffeefood.com\/index.php?rest_route=\/wp\/v2\/media\/745"}],"wp:attachment":[{"href":"https:\/\/evocoffeefood.com\/index.php?rest_route=%2Fwp%2Fv2%2Fmedia&parent=744"}],"wp:term":[{"taxonomy":"product_brand","embeddable":true,"href":"https:\/\/evocoffeefood.com\/index.php?rest_route=%2Fwp%2Fv2%2Fproduct_brand&post=744"},{"taxonomy":"product_cat","embeddable":true,"href":"https:\/\/evocoffeefood.com\/index.php?rest_route=%2Fwp%2Fv2%2Fproduct_cat&post=744"},{"taxonomy":"product_tag","embeddable":true,"href":"https:\/\/evocoffeefood.com\/index.php?rest_route=%2Fwp%2Fv2%2Fproduct_tag&post=744"}],"curies":[{"name":"wp","href":"https:\/\/api.w.org\/{rel}","templated":true}]}}